= w*u + 5 - 23 + 0*u. What is the units digit of h(13)?
1
Suppose 31*i - f = 30*i + 3809, 3*f = 4*i - 15240. What is the units digit of i?
3
Let j(d) be the third derivative of d**6/120 + d**5/30 - d**4/24 + 65*d**3/6 - 7*d**2. What is the tens digit of j(0)?
6
Let d(f) = 31*f**2 - 2*f - 1. Let l be d(-2). Suppose 134 = n + 4*a, 4*a = 4*n - l - 349. What is the tens digit of n?
2
Let i = 159 - 103. Suppose 2*d - 117 = t, -t - 2*t - i = -d. What is the units digit of d?
9
What is the hundreds digit of (((-30)/(-35))/((-1)/6818))/(-2)?
9
Suppose 47*j - 58*j = -374. What is the units digit of j?
4
Let o = 50 + -50. Suppose v - 28 - 55 = o. What is the units digit of v?
3
Let b(z) = -z**3 + 10*z**2 - 9*z + 5. Let u be b(9). Suppose -2*w + 7*o - 3*o = -310, u*w - 3*o - 803 = 0. What is the hundreds digit of w?
1
Let s(q) = q - 3. Let u be s(6). What is the units digit of (u - 65)/(-5 - -3)?
1
Let m be 14/7*(-26)/(-4). Suppose -3*c = r - 34, -c = r - 5*c - m. Suppose 2*l = r + 81. What is the tens digit of l?
5
Suppose 0 = 14*b - 8289 - 6649. What is the units digit of b?
7
Let g(c) = c**3 - 20*c**2 + 21*c - 22. Let b be g(19). Suppose -b*a - 76 = -18*a. What is the tens digit of a?
3
Let g = 17 + 34. Suppose 5*k - 2*k = 258. Let l = k - g. What is the units digit of l?
5
Suppose x - 4*t = -16, -5*x + 6 = 2*t - 2. Suppose -6*f = -5*n - 2*f + 109, 3*f - 12 = x. What is the tens digit of n?
2
Let y(q) = 3*q**2 + 9*q + 1421. What is the tens digit of y(0)?
2
Let q = -11 - -17. Let f be 1/((21/(-18))/7). What is the units digit of (-182)/f - q/(-9)?
1
Let f = 882 + -512. What is the tens digit of f?
7
Suppose -1 = -k + 2. Let o = k + -9. Let b = o + 27. What is the units digit of b?
1
What is the units digit of (11 - 5956)*2/(-5)?
8
Let x(y) = y**3 + 10*y**2 + y + 11. Let i be x(-10). Let v = i - -43. What is the units digit of v?
4
Let n = -9 + -16. Let b = n - -17. Let s(i) = i**3 + 8*i**2 - 4*i - 4. What is the units digit of s(b)?
8
Let k(c) = 3 + c**3 + 0*c - 2*c**2 + c - 3 + 5. Let x be k(7). Suppose 5*i - x = 113. What is the units digit of i?
4
Let d(b) = 11*b + 223. What is the units digit of d(44)?
7
Let i be 2/(-10) + 1699/(-5). What is the units digit of 1/7 + i/(-119)?
3
Suppose -17*c = 4*c - 273. Suppose l - 59 = 5*v, -v + 4*l + 2 - 10 = 0. Let j = c + v. What is the units digit of j?
1
Suppose o = -d + 1396, 2*d = -4*o + 3*d + 5609. What is the units digit of o?
1
Let d(w) = 49*w**2 + 2*w. Let h be (2/5)/((-8)/(-40)). Let x be h - (-2 + (0 - -3)). What is the units digit of d(x)?
1
Suppose 2*h - 3*g - 15 = 0, 3*h - 4*g - 25 = -0*g. Let t be 144/h - 4/(-10). Suppose -t*p = -6*p - 116. What is the tens digit of p?
2
Let b(g) = -g**3 - 6*g**2 - 9*g. Let t be b(-4). Suppose 91 = t*u - 177. What is the units digit of u?
7
Let w = 39 + -30. Let n(s) = 5*s - 31. What is the tens digit of n(w)?
1
Suppose 0*w - 13*w = -8801. What is the hundreds digit of w?
6
Let h = 183 + -109. What is the tens digit of h?
7
Suppose -4*o + 5*n + 94 = 28, -o + 5*n = -24. Let r(h) = -o*h - h + 5*h**2 - 6*h**2 - 10. What is the units digit of r(-8)?
6
Suppose 0 = 20*a - 15*a - 25. What is the tens digit of 3/(-15) - a/((-75)/618)?
4
Suppose 0 = 4*h + 5*h - 1746. What is the units digit of h?
4
Let i = -3678 - -7606. What is the units digit of i?
8
Let f = -3 - -6. Let b(p) = 5*p - 2. Let k be b(f). Let c = 21 - k. What is the units digit of c?
8
Suppose 73774 - 9954 = 10*a. What is the thousands digit of a?
6
What is the hundreds digit of 23288/(-213)*6/(-4)?
1
Suppose 0 = 2*m + 23 + 23. Let p = 27 + m. Suppose 2*r - 56 = p*q, r - q - 30 = 1. What is the tens digit of r?
3
Let f(j) = -j**2 + 7*j + 4. Let w(l) = -l**2. Let d(q) = -f(q) + 2*w(q). Let t be -5*(-1)/3*(-12)/4. What is the units digit of d(t)?
6
Let u(i) = 116*i + 607. What is the thousands digit of u(27)?
3
What is the tens digit of (-4)/2 + -2 + (6 - -1099)?
0
Let d = -2084 + 3172. What is the tens digit of d?
8
Suppose 6*t = 4*t + 8. Suppose 3*p - 13 = -4*i + 106, -2*i = t*p - 142. Suppose p = 5*x - 57. What is the units digit of x?
8
Suppose -3*n = 4*v - 4*n - 4, -5 = -5*v - 2*n. What is the units digit of v?
1
Let j = 4584 - 2446. What is the tens digit of j?
3
Let r(d) = 4*d**3 - 2*d**2 - d + 2. Let q be r(1). Let v(p) = 2*p**3 + 3*p - 4. What is the units digit of v(q)?
9
Let b = 401 - 396. Let u = 4 - -3. What is the tens digit of (u - b)/(2/71)?
7
Suppose -21*z - 2480 = -3*k - 23*z, -2485 = -3*k - z. What is the hundreds digit of k?
8
Suppose -449*s - 4*v - 21003 = -454*s, -8404 = -2*s + 3*v. What is the thousands digit of s?
4
Let g(c) = -108*c + 20. What is the tens digit of g(-2)?
3
Suppose -4*j + 50 = -2*k + 10, j - 3*k = 20. Suppose 570 = -3*i + j*i. What is the tens digit of i?
1
Let o = 132 + 45. What is the tens digit of o?
7
Suppose -h = -2*l + 3051, -4*h + 7595 = 21*l - 16*l. What is the hundreds digit of l?
5
Suppose d - 6 = -d. Suppose 0 = -3*r - d*c + 12, 4 = 3*r - 5*c + 24. Suppose 2*w + r - 44 = -3*h, h + 5*w = 6. What is the tens digit of h?
1
Suppose -4*l = 2*w - 1800, -l - 3*w + 908 = l. Suppose 5*f - l = f. What is the tens digit of f?
1
Suppose 0 = 6*x - 3385 - 2207. What is the units digit of x?
2
Let x(d) = d**3 + 3*d**2 - 2*d + 3. Let u be x(-4). Let g(t) = 2*t**2 - t + 16. What is the units digit of g(u)?
1
Suppose 4*t + 9*g = 6*g + 744, -t + 201 = -3*g. What is the hundreds digit of t?
1
Let o be -10 - -7 - (0 + -7). Suppose 0 = 5*w - w - 3*b - 161, -196 = -o*w - 4*b. What is the units digit of w?
4
Let c(f) = 94*f - 35. Let g be c(5). Suppose -4*w = -w - g. What is the hundreds digit of w?
1
Suppose 7*s + 3699 = 16*s. What is the hundreds digit of s?
4
Suppose 32 = 5*w + 7. Suppose 6*u = u + 5, w*a = u - 1. Let z = 19 - a. What is the units digit of z?
9
Let l = 243 - 53. What is the units digit of l?
0
Suppose 0 = 2*z - 49 + 11. What is the tens digit of z?
1
Suppose -6*m + 2*m + 20 = 0. Suppose -m*q - 20 = 0, 56 = -2*x - 3*q - 2*q. What is the units digit of (-8)/(-36) + (-626)/x?
5
Suppose 6 = 5*a - 9. Suppose a*h = 5*h - 6. Suppose g = -3*v - 9 + 24, -3*v - 33 = -h*g. What is the tens digit of g?
1
Let d(j) = -2*j**2 - 3*j + 17. Let g(n) = -n + 2. Let a(y) = -d(y) + 2*g(y). What is the units digit of a(-6)?
3
Suppose -154*w = -149*w - 1375. What is the units digit of w?
5
Let w be ((-6)/10)/(5/(-25)). Suppose 0*k - 16 = -5*k - p, w*p = 3*k - 24. Suppose 5*g = k + 146. What is the tens digit of g?
3
Let a be ((-13)/(-3))/(5/(-15)). Let y = a + 20. What is the units digit of y?
7
What is the hundreds digit of 20/8*2*(-966)/(-5)?
9
Suppose -l - 2*w = 5, 2*l + 4*w = -2*l. Suppose 3*f - 119 = -4*i, -l*f - 4 - 20 = -i. What is the units digit of i?
9
Suppose 0 = 39*c - 52*c + 15119. What is the units digit of c?
3
Let d(n) be the first derivative of n**3/3 - 3*n**2/2 - 3*n - 16. Let j = 18 + -14. What is the units digit of d(j)?
1
Suppose 4*s - 3*s + 3*o = -15, s + 4*o = -11. Let a = 41 + s. What is the units digit of a?
4
What is the tens digit of -220*(1 - (-9)/(-6))?
1
Let u(i) be the third derivative of -1/60*i**5 + 8/3*i**3 + 4*i**2 + 0 + 0*i + 0*i**4. What is the units digit of u(0)?
6
Let n(r) = 6*r**2 + 2*r + 3. Let l be n(-2). Let v = l + -9. What is the units digit of v?
4
Suppose -2*d = -3*p - 421, 0*p - p = -2*d + 423. What is the units digit of d?
2
Suppose 4*g + 6*i - 2*i - 13984 = 0, -4*g + 2*i + 13996 = 0. What is the thousands digit of g?
3
Suppose 5*n + 4*r - 1270 = 0, -2*n - n + 2*r + 740 = 0. Suppose c = -4*c + n. What is the units digit of c?
0
Let q be 2/(-4)*2*-97. Let b = -40 + q. What is the tens digit of b?
5
Let k(c) = c**3 + 7*c**2 + 7*c + 8. Let v be k(-6). Let j(h) = v*h**2 - 4*h - 2*h**2 - 2 + 3*h**2 + h. What is the tens digit of j(-2)?
1
Let n be 105/60*1*8. Let i = n + 112. What is the units digit of i?
6
Suppose 0 = -3*z + 2635 + 974. What is the tens digit of z?
0
Let y(m) = m + 2. Let l be y(5). Let k = 8 + l. Suppose 0 = 5*w - 3*a - 55, -3*w - 2*w + k = 5*a. What is the units digit of w?
8
Suppose 3*q - 110 = 2*z + 113, -3*z = -3*q + 219. Let u be 2 + 1 - (-6 + 34). Let j = q + u. What is the units digit of j?
2
Suppose 4*v = 1717 + 595. What is the hundreds digit of v?
5
Suppose -3*x = -4*k - 808, 179 = 3*x + 5*k - 593. Suppose -